 the prime factors of 12915670.
2, 5, 1291567
What are the prime factors of 378931?
7, 54133
What are the prime factors of 204688?
2, 11, 1163
List the prime factors of 16927150.
2, 5, 338543
List the prime factors of 262395.
3, 5, 7, 17
List the prime factors of 1709957.
89, 19213
List the prime factors of 2001495.
3, 5, 17, 47, 167
List the prime factors of 351366.
2, 3, 157, 373
What are the prime factors of 2476377?
3, 275153
What are the prime factors of 5373893?
7, 167, 4597
List the prime factors of 1123009.
103, 10903
List the prime factors of 22829394.
2, 3, 7, 11093
What are the prime factors of 2699864?
2, 349, 967
What are the prime factors of 1634194?
2, 79, 10343
What are the prime factors of 188597?
113, 1669
List the prime factors of 20160530.
2, 5, 13, 155081
What are the prime factors of 577118?
2, 288559
What are the prime factors of 120755?
5, 24151
List the prime factors of 227610.
2, 3, 5, 281
List the prime factors of 255517.
255517
What are the prime factors of 207929?
337, 617
List the prime factors of 286787.
23, 37, 337
List the prime factors of 66985.
5, 13397
List the prime factors of 14410673.
23, 433, 1447
List the prime factors of 83786.
2, 41893
What are the prime factors of 2179735?
5, 435947
What are the prime factors of 890494?
2, 11, 17, 2381
List the prime factors of 1134816.
2, 3, 11821
What are the prime factors of 3179672?
2, 397459
What are the prime factors of 1210424?
2, 151303
List the prime factors of 8843001.
3, 73, 149, 271
What are the prime factors of 4514320?
2, 5, 73, 773
What are the prime factors of 74292?
2, 3, 41, 151
List the prime factors of 6943252.
2, 1735813
List the prime factors of 166484.
2, 41621
List the prime factors of 206858.
2, 293, 353
What are the prime factors of 14490?
2, 3, 5, 7, 23
List the prime factors of 189102.
2, 3, 31517
What are the prime factors of 117825?
3, 5, 1571
What are the prime factors of 11277288?
2, 3, 11, 29, 491
What are the prime factors of 537511?
13, 173, 239
List the prime factors of 423642.
2, 3, 70607
What are the prime factors of 202654?
2, 19, 5333
List the prime factors of 1252220.
2, 5, 17, 29, 127
List the prime factors of 2191693.
7, 23, 13613
List the prime factors of 26211184.
2, 19, 151, 571
List the prime factors of 2341636.
2, 11, 19, 2801
What are the prime factors of 825022?
2, 11, 37501
What are the prime factors of 101322?
2, 3, 13, 433
What are the prime factors of 503191?
13, 38707
What are the prime factors of 25853447?
17, 61, 107, 233
List the prime factors of 317595.
3, 5, 31, 683
What are the prime factors of 1741234?
2, 11, 79147
List the prime factors of 1719791.
59, 103, 283
What are the prime factors of 3213451?
19, 169129
What are the prime factors of 71959?
227, 317
What are the prime factors of 323855?
5, 7, 19, 487
List the prime factors of 2381296.
2, 31, 4801
What are the prime factors of 10656093?
3, 7, 17, 19, 1571
What are the prime factors of 7976577?
3, 7, 379837
List the prime factors of 152342.
2, 19, 211
List the prime factors of 133590.
2, 3, 5, 61, 73
What are the prime factors of 3441064?
2, 11, 39103
What are the prime factors of 3863346?
2, 3, 19, 33889
What are the prime factors of 849800?
2, 5, 7, 607
List the prime factors of 133836.
2, 3, 19, 587
What are the prime factors of 168800?
2, 5, 211
List the prime factors of 2917539.
3, 181, 199
What are the prime factors of 7654745?
5, 7, 23, 37, 257
List the prime factors of 2135634.
2, 3, 355939
List the prime factors of 171406.
2, 85703
List the prime factors of 4129671.
3, 7, 13, 2161
List the prime factors of 373380.
2, 3, 5, 7, 127
List the prime factors of 65323.
65323
What are the prime factors of 49686?
2, 3, 7, 13
List the prime factors of 9921505.
5, 11, 180391
What are the prime factors of 17297?
7, 353
List the prime factors of 49769.
157, 317
What are the prime factors of 7613341?
29, 83, 3163
List the prime factors of 459687.
3, 67, 2287
What are the prime factors of 291168?
2, 3, 337
List the prime factors of 4741303.
7, 823
What are the prime factors of 14340192?
2, 3, 149377
List the prime factors of 6905393.
11, 29, 21647
What are the prime factors of 619021?
13, 17, 2801
What are the prime factors of 4776472?
2, 597059
What are the prime factors of 239749?
197, 1217
What are the prime factors of 1170661?
1170661
What are the prime factors of 356876?
2, 13, 6863
List the prime factors of 63699.
3, 17, 1249
List the prime factors of 3887408.
2, 7, 61, 569
What are the prime factors of 4706317?
7, 11, 61121
What are the prime factors of 550491?
3, 183497
List the prime factors of 245140.
2, 5, 7, 17, 103
List the prime factors of 18366687.
3, 2040743
List the prime factors of 63847.
7, 1303
List the prime factors of 238629.
3, 17, 4679
What are the prime factors of 1552346?
2, 776173
What are the prime factors of 538657?
7, 10993
What are the prime factors of 1147647?
3, 382549
What are the prime factors of 3843485?
5, 337, 2281
What are the prime factors of 7536176?
2, 53, 8887
What are the prime factors of 154832?
2, 9677
What are the prime factors of 11552249?
79, 349, 419
List the prime factors of 19151161.
367, 52183
List the prime factors of 1904927.
79, 24113
List the prime factors of 8454992.
2, 7, 13, 5807
List the prime factors of 1486980.
2, 3, 5, 11, 751
What are the prime factors of 312440?
2, 5, 73, 107
What are the prime factors of 188294?
2, 31, 3037
What are the prime factors of 4752776?
2, 7, 84871
What are the prime factors of 262934?
2, 7, 2683
List the prime factors of 5075828.
2, 499, 2543
What are the prime factors of 282944?
2, 4421
List the prime factors of 77238.
2, 3, 7, 613
What are the prime factors of 65348?
2, 17, 31
List the prime factors of 5742586.
2, 2871293
What are the prime factors of 1877551?
13, 144427
What are the prime factors of 347322?
2, 3, 107, 541
List the prime factors of 4122214.
2, 101, 20407
List the prime factors of 22531869.
3, 29, 131, 659
List the prime factors of 381340.
2, 5, 23, 829
What are the prime factors of 577415?
5, 23, 5021
What are the prime factors of 2125834?
2, 19, 43, 1301
List the prime factors of 589270.
2, 5, 11, 487
List the prime factors of 21286.
2, 29, 367
List the prime factors of 1569805.
5, 313961
List the prime factors of 856670.
2, 5, 85667
What are the prime factors of 1172418?
2, 3, 13, 15031
List the prime factors of 2380607.
2380607
What are the prime factors of 9893874?
2, 3, 37, 41, 1087
What are the prime factors of 25570931?
25570931
What are the prime factors of 28779693?
3, 23, 417097
What are the prime factors of 5081836?
2, 113, 11243
What are the prime factors of 215099?
19, 11321
What are the prime factors of 139074?
2, 3, 13, 1783
List the prime factors of 4627476.
2, 3, 7, 6121
What are the prime factors of 5963433?
3, 7, 199, 1427
What are the prime factors of 24226208?
2, 149, 5081
List the prime factors of 15733.
15733
What are the prime factors of 95687?
103, 929
List the prime factors of 9294899.
9294899
List the prime factors of 16773414.
2, 3, 7, 61, 6547
What are the prime factors of 3937425?
3, 5, 47, 1117
List the prime factors of 902635.
5, 23, 47, 167
What are the prime factors of 25396013?
463, 54851
List the prime factors of 433946.
2, 216973
List the prime factors of 2099008.
2, 32797
What are the prime factors of 2928173?
2928173
List the prime factors of 2321126.
2, 1039, 1117
List the prime factors of 47110.
2, 5, 7, 673
What are the prime factors of 539166?
2, 3, 23, 3907
What are the prime factors of 861120?
2, 3, 5, 13, 23
What are the prime factors of 11967012?
2, 3, 332417
List the prime factors of 158609.
11, 14419
What are the prime factors of 179339?
37, 131
What are the prime factors of 196425?
3, 5, 97
What are the prime factors of 19487061?
3, 11, 21871
List the prime factors of 4297213.
1321, 3253
What are the prime factors of 6018?
2, 3, 17, 59
List the prime factors of 6675472.
2, 417217
What are the prime factors of 572070?
2, 3, 5, 19069
What are the prime factors of 62954?
2, 31477
What are the prime factors of 7660021?
19, 403159
List the prime factors of 3635577.
3, 11, 12241
What are the prime factors of 8612932?
2, 709, 3037
List the prime factors of 2735554.
2, 1367777
List the prime factors 